{"id":28,"date":"2014-11-25T16:36:20","date_gmt":"2014-11-25T16:36:20","guid":{"rendered":"http:\/\/ctnpericial.es\/?page_id=28"},"modified":"2016-12-15T20:13:10","modified_gmt":"2016-12-15T20:13:10","slug":"empresa","status":"publish","type":"page","link":"https:\/\/ctnpericial.es\/?page_id=28","title":{"rendered":"CTN Quienes somos"},"content":{"rendered":"<p><a href=\"https:\/\/ctnpericial.es\/casos-de-exito\/\"><img loading=\"lazy\" decoding=\"async\" class=\"alignnone wp-image-120 size-full\" src=\"https:\/\/ctnpericial.es\/wp-content\/uploads\/2014\/11\/empresa_1.jpg\" alt=\"Quienes somos\" width=\"1024\" height=\"443\" srcset=\"https:\/\/ctnpericial.es\/wp-content\/uploads\/2014\/11\/empresa_1.jpg 1024w, https:\/\/ctnpericial.es\/wp-content\/uploads\/2014\/11\/empresa_1-300x130.jpg 300w, https:\/\/ctnpericial.es\/wp-content\/uploads\/2014\/11\/empresa_1-768x332.jpg 768w\" sizes=\"auto, (max-width: 1024px) 100vw, 1024px\" \/><\/a><\/p>\n<div class=\"csRow\">\n<div class=\"csColumnGap\" style=\"margin: 0px; padding: 0px; float: left; width: 1.56%;\"><img decoding=\"async\" style=\"border: none;\" src=\"https:\/\/ctnpericial.es\/wp-content\/plugins\/advanced-wp-columns\/assets\/js\/plugins\/views\/img\/1x1-pixel.png\" alt=\"\" \/><\/div>\n<div class=\"csColumn\" style=\"margin: 0px; padding: 0px; float: left; width: 47.7%;\" data-csstartpoint=\"15\" data-csendpoint=\"472.5\" data-cswidth=\"47.7%\" data-csid=\"b03853da-5d08-8fcf-bc5b-b8a41bcacf60\">\n<h4><strong>QUIENES SOMOS<\/strong><\/h4>\n<h5>Consultor\u00eda T\u00e9cnica Pericial del Noroeste, S.L., es una empresa que re\u00fane profesionales de m\u00faltiples disciplinas con una experiencia de casi 30 a\u00f1os en el sector de los servicios periciales.<\/h5>\n<h5>Algunos de nuestros puntos fuertes:<\/h5>\n<ul>\n<li>\n<h5>Presencia <strong>diaria<\/strong> en toda la comunidad Gallega.<\/h5>\n<\/li>\n<li>\n<h5>Abarcamos la totalidad de servicios periciales. En CTN encontrar\u00e1 lo que necesita en cada especialidad.<\/h5>\n<\/li>\n<li>\n<h5>Un m\u00e9todo de trabajo transparente para el cliente. En todo momento estar\u00e1 informado.<\/h5>\n<\/li>\n<li>\n<h5>Medios t\u00e9cnicos y humanos altamente cualificados.<\/h5>\n<\/li>\n<\/ul>\n<\/div>\n<div class=\"csColumnGap\" style=\"margin: 0px; padding: 0px; float: left; width: 1.56%;\"><img decoding=\"async\" style=\"border: none;\" src=\"https:\/\/ctnpericial.es\/wp-content\/plugins\/advanced-wp-columns\/assets\/js\/plugins\/views\/img\/1x1-pixel.png\" alt=\"\" \/><\/div>\n<div class=\"csColumn\" style=\"margin: 0px; padding: 0px; float: left; width: 47.7%;\" data-csstartpoint=\"487.5\" data-csendpoint=\"945\" data-cswidth=\"47.7%\" data-csid=\"2a7a96cd-1f11-b3b5-bdd3-0d7adf841b7e\">\n<h4><strong>EL EQUIPO<\/strong><\/h4>\n<h5><strong>El Equipo de CTN<\/strong> est\u00e1 formado por <strong>t\u00e9cnicos muy especializados<\/strong> (Ingenieros Industriales, T\u00e9cnicos superiores de Automoci\u00f3n, Arquitectos, Expertos Inform\u00e1ticos y Economistas) con <strong>experiencia previa<\/strong> en empresas Industriales, Ingenier\u00edas y Aseguradoras.<\/h5>\n<h5>.<br \/>\nEquipo dirigido por Pablo Freire, Perito de Seguros asociado en APCAS y acreditado FUEDI-ELAE; Graduado Social, profesional en ejercicio desde 1989, con amplia experiencia en el sector asegurador, en el que ha desempe\u00f1ado puestos de responsabilidad durante m\u00e1s de 10 a\u00f1os.<\/h5>\n<\/div>\n<\/div>\n<div class=\"csRow\">\n<div class=\"csColumnGap\" style=\"margin: 0px; padding: 0px; float: left; width: 1.56%;\"><img decoding=\"async\" style=\"border: none;\" src=\"https:\/\/ctnpericial.es\/wp-content\/plugins\/advanced-wp-columns\/assets\/js\/plugins\/views\/img\/1x1-pixel.png\" alt=\"\" \/><\/div>\n<div class=\"csColumn\" style=\"margin: 0px; padding: 0px; float: left; width: 47.7%;\" data-csstartpoint=\"15\" data-csendpoint=\"472.5\" data-cswidth=\"47.7%\" data-csid=\"95a5caa5-e21c-3763-9d31-25a6913cf57c\">\u00a0<a href=\"https:\/\/ctnpericial.es\/casos-de-exito\/\"><img loading=\"lazy\" decoding=\"async\" class=\"aligncenter wp-image-10 size-full\" src=\"https:\/\/ctnpericial.es\/wp-content\/uploads\/2014\/11\/oficinas03-g.jpg\" alt=\"oficinas03-g\" width=\"500\" height=\"333\" srcset=\"https:\/\/ctnpericial.es\/wp-content\/uploads\/2014\/11\/oficinas03-g.jpg 500w, https:\/\/ctnpericial.es\/wp-content\/uploads\/2014\/11\/oficinas03-g-300x199.jpg 300w\" sizes=\"auto, (max-width: 500px) 100vw, 500px\" \/><\/a><\/div>\n<div class=\"csColumnGap\" style=\"margin: 0px; padding: 0px; float: left; width: 1.56%;\"><img decoding=\"async\" style=\"border: none;\" src=\"https:\/\/ctnpericial.es\/wp-content\/plugins\/advanced-wp-columns\/assets\/js\/plugins\/views\/img\/1x1-pixel.png\" alt=\"\" \/><\/div>\n<div class=\"csColumn\" style=\"margin: 0px; padding: 0px; float: left; width: 47.7%;\" data-csstartpoint=\"487.5\" data-csendpoint=\"945\" data-cswidth=\"47.7%\" data-csid=\"4f709f93-ff43-5a1d-b86d-2da2f6f66670\">\u00a0<a href=\"https:\/\/ctnpericial.es\/casos-de-exito\/\"><img loading=\"lazy\" decoding=\"async\" class=\"aligncenter wp-image-9 size-full\" src=\"https:\/\/ctnpericial.es\/wp-content\/uploads\/2014\/11\/oficinas02-g.jpg\" alt=\"oficinas02-g\" width=\"500\" height=\"333\" srcset=\"https:\/\/ctnpericial.es\/wp-content\/uploads\/2014\/11\/oficinas02-g.jpg 500w, https:\/\/ctnpericial.es\/wp-content\/uploads\/2014\/11\/oficinas02-g-300x199.jpg 300w\" sizes=\"auto, (max-width: 500px) 100vw, 500px\" \/><\/a><\/div>\n<\/div>\n<h4><\/h4>\n<h4><\/h4>\n","protected":false},"excerpt":{"rendered":"<p>QUIENES SOMOS Consultor\u00eda T\u00e9cnica Pericial del Noroeste, S.L., es una empresa que re\u00fane profesionales de m\u00faltiples disciplinas con una experiencia de casi 30 a\u00f1os en el sector de los servicios periciales. Algunos de nuestros puntos fuertes: Presencia diaria en toda la comunidad Gallega. Abarcamos la totalidad de servicios periciales. En CTN encontrar\u00e1 lo que necesita [&hellip;]<\/p>\n","protected":false},"author":1,"featured_media":0,"parent":0,"menu_order":0,"comment_status":"closed","ping_status":"closed","template":"page-full_width.php","meta":{"_monsterinsights_skip_tracking":false,"_monsterinsights_sitenote_active":false,"_monsterinsights_sitenote_note":"","_monsterinsights_sitenote_category":0,"footnotes":""},"class_list":["post-28","page","type-page","status-publish","hentry"],"_links":{"self":[{"href":"https:\/\/ctnpericial.es\/index.php?rest_route=\/wp\/v2\/pages\/28","targetHints":{"allow":["GET"]}}],"collection":[{"href":"https:\/\/ctnpericial.es\/index.php?rest_route=\/wp\/v2\/pages"}],"about":[{"href":"https:\/\/ctnpericial.es\/index.php?rest_route=\/wp\/v2\/types\/page"}],"author":[{"embeddable":true,"href":"https:\/\/ctnpericial.es\/index.php?rest_route=\/wp\/v2\/users\/1"}],"replies":[{"embeddable":true,"href":"https:\/\/ctnpericial.es\/index.php?rest_route=%2Fwp%2Fv2%2Fcomments&post=28"}],"version-history":[{"count":18,"href":"https:\/\/ctnpericial.es\/index.php?rest_route=\/wp\/v2\/pages\/28\/revisions"}],"predecessor-version":[{"id":261,"href":"https:\/\/ctnpericial.es\/index.php?rest_route=\/wp\/v2\/pages\/28\/revisions\/261"}],"wp:attachment":[{"href":"https:\/\/ctnpericial.es\/index.php?rest_route=%2Fwp%2Fv2%2Fmedia&parent=28"}],"curies":[{"name":"wp","href":"https:\/\/api.w.org\/{rel}","templated":true}]}}